{"id":46923,"date":"2025-04-30T16:02:26","date_gmt":"2025-04-30T19:02:26","guid":{"rendered":"http:\/\/espirita.feak.org\/?page_id=46923"},"modified":"2025-06-02T12:59:35","modified_gmt":"2025-06-02T15:59:35","slug":"palestras-2025","status":"publish","type":"page","link":"http:\/\/espirita.feak.org\/?page_id=46923","title":{"rendered":"Palestras 2025"},"content":{"rendered":"\n\n\n<h4>Seja muito bem-vindo(a)! \u00c9 com alegria que o(a) recebemos em nosso Congresso. <br><\/h4><h4>Esta edi\u00e7\u00e3o comemorativa aos <strong>160 anos de O C\u00e9u e o Inferno<\/strong>&nbsp;e aos <strong>38 anos da FEAK<\/strong> conta com palestras ao vivo (2\u00aa feira: 20 horas | 5\u00aa feira: 14h30 | S\u00e1bado: 19 horas).<\/h4>\n<h4>Ap\u00f3s a data\/hora agendada para a transmiss\u00e3o ao vivo, as palestras ficam aqui dispon\u00edveis.<\/h4>\n\n\n\n\n\n\n\n\nData: 01\/05\/2025<br>Hor\u00e1rio: 14h30<br>Tema:&nbsp;Vis\u00e3o esp\u00edrita do para\u00edso e do inferno\n\n\n\n\n\n\nData: 03\/05\/2025<br>Hor\u00e1rio: 19 horas<br>Tema:&nbsp;Expia\u00e7\u00f5es e provas na vida terrena\n\n\n\n\n\n\nData: 05\/05\/2025<br>Hor\u00e1rio: 20 horas<br>Tema:&nbsp;Justi\u00e7a Divina segundo o Espiritismo\n\n\n\n\n\n\nData: 08\/05\/2025<br>Hor\u00e1rio: 14h30<br>Tema: Introdu\u00e7\u00e3o \u00e0 obra O C\u00e9u e o Inferno\n\n\n\n\n\n\nData: 10\/05\/2025<br>Hor\u00e1rio: 19 horas<br>Tema: O papel da prece na evolu\u00e7\u00e3o espiritual\n\n\n\n\n\n\nData: 12\/05\/2025<br>Hor\u00e1rio: 20 horas<br>Tema: Principios da Doutrina Esp\u00edrita sobre as penas futuras\n\n\n\n\n\n\nData: 15\/05\/2025<br>Hor\u00e1rio: 14h30<br>Tema: Esp\u00edritos felizes\n\n\n\n\n\n\nData: 17\/05\/2025<br>Hor\u00e1rio: 19 horas<br>Tema: Suic\u00eddio e suas consequ\u00eancias\n\n\n\n\n\n\nData: 19\/05\/2025<br>Hor\u00e1rio: 20 horas<br>Tema: Temor da morte\n\n\n\n\n\n\nData: 22\/05\/2025<br>Hor\u00e1rio: 14h30<br>Tema: Reencarna\u00e7\u00e3o e seu papel na evolu\u00e7\u00e3o da alma\n\n\n\n\n\n\nData: 24\/05\/2025<br>Hor\u00e1rio: 19 horas<br>Tema: O ju\u00edzo final: interpreta\u00e7\u00e3o esp\u00edrita\n\n\n\n\n\n\nData: 26\/05\/2025<br>Hor\u00e1rio: 20 horas<br>Tema: A imortalidade da alma\n\n\n\n\n\n\nData: 29\/05\/2025<br>Hor\u00e1rio: 14h30<br>Tema: Conclus\u00f5es e reflex\u00f5es finais sobre &#8220;O C\u00e9u e o Inferno&#8221;\n\n\n\n\n\n\nData: 31\/05\/2025<br>Hor\u00e1rio: 19 horas<br>Tema: Esp\u00edritos sofredores e suas expia\u00e7\u00f5es\n\n\n\n\n\n\nData: 02\/06\/2025<br>Hor\u00e1rio: 20 horas<br>Tema: Encerramento 10\u00ba Congresso Espirita online\n\n\n\n\n\n\n\n\n\n\n","protected":false},"excerpt":{"rendered":"","protected":false},"author":1,"featured_media":0,"parent":0,"menu_order":0,"comment_status":"closed","ping_status":"closed","template":"","meta":{"pagelayer_contact_templates":[],"_pagelayer_content":""},"_links":{"self":[{"href":"http:\/\/espirita.feak.org\/index.php?rest_route=\/wp\/v2\/pages\/46923"}],"collection":[{"href":"http:\/\/espirita.feak.org\/index.php?rest_route=\/wp\/v2\/pages"}],"about":[{"href":"http:\/\/espirita.feak.org\/index.php?rest_route=\/wp\/v2\/types\/page"}],"author":[{"embeddable":true,"href":"http:\/\/espirita.feak.org\/index.php?rest_route=\/wp\/v2\/users\/1"}],"replies":[{"embeddable":true,"href":"http:\/\/espirita.feak.org\/index.php?rest_route=%2Fwp%2Fv2%2Fcomments&post=46923"}],"version-history":[{"count":21,"href":"http:\/\/espirita.feak.org\/index.php?rest_route=\/wp\/v2\/pages\/46923\/revisions"}],"predecessor-version":[{"id":46988,"href":"http:\/\/espirita.feak.org\/index.php?rest_route=\/wp\/v2\/pages\/46923\/revisions\/46988"}],"wp:attachment":[{"href":"http:\/\/espirita.feak.org\/index.php?rest_route=%2Fwp%2Fv2%2Fmedia&parent=46923"}],"curies":[{"name":"wp","href":"https:\/\/api.w.org\/{rel}","templated":true}]}}

<h4>Seja muito bem-vindo(a)! É com alegria que o(a) recebemos em nosso Congresso. <br></h4><h4>Esta edição comemorativa aos <strong>160 anos de O Céu e o Inferno</strong>&nbsp;e aos <strong>38 anos da FEAK</strong> conta com palestras ao vivo (2ª feira: 20 horas | 5ª feira: 14h30 | Sábado: 19 horas).</h4>
<h4>Após a data/hora agendada para a transmissão ao vivo, as palestras ficam aqui disponíveis.</h4>








Data: 01/05/2025<br>Horário: 14h30<br>Tema:&nbsp;Visão espírita do paraíso e do inferno






Data: 03/05/2025<br>Horário: 19 horas<br>Tema:&nbsp;Expiações e provas na vida terrena






Data: 05/05/2025<br>Horário: 20 horas<br>Tema:&nbsp;Justiça Divina segundo o Espiritismo






Data: 08/05/2025<br>Horário: 14h30<br>Tema: Introdução à obra O Céu e o Inferno






Data: 10/05/2025<br>Horário: 19 horas<br>Tema: O papel da prece na evolução espiritual






Data: 12/05/2025<br>Horário: 20 horas<br>Tema: Principios da Doutrina Espírita sobre as penas futuras






Data: 15/05/2025<br>Horário: 14h30<br>Tema: Espíritos felizes






Data: 17/05/2025<br>Horário: 19 horas<br>Tema: Suicídio e suas consequências






Data: 19/05/2025<br>Horário: 20 horas<br>Tema: Temor da morte






Data: 22/05/2025<br>Horário: 14h30<br>Tema: Reencarnação e seu papel na evolução da alma






Data: 24/05/2025<br>Horário: 19 horas<br>Tema: O juízo final: interpretação espírita






Data: 26/05/2025<br>Horário: 20 horas<br>Tema: A imortalidade da alma






Data: 29/05/2025<br>Horário: 14h30<br>Tema: Conclusões e reflexões finais sobre &#8220;O Céu e o Inferno&#8221;






Data: 31/05/2025<br>Horário: 19 horas<br>Tema: Espíritos sofredores e suas expiações






Data: 02/06/2025<br>Horário: 20 horas<br>Tema: Encerramento 10º Congresso Espirita online
